{"id":3285,"date":"2025-07-06T11:11:33","date_gmt":"2025-07-06T09:11:33","guid":{"rendered":"https:\/\/steigerfeinbaeckerei.ch\/index.php\/services\/collaborations-pour-les-professionnels\/"},"modified":"2025-08-09T22:36:17","modified_gmt":"2025-08-09T20:36:17","slug":"collaborations-pour-les-professionnels","status":"publish","type":"page","link":"https:\/\/steigerfeinbaeckerei.ch\/fr\/index.php\/services\/collaborations-pour-les-professionnels\/","title":{"rendered":"Collaborations pour les Professionnels"},"content":{"rendered":"\t\t<div data-elementor-type=\"wp-page\" data-elementor-id=\"3285\" class=\"elementor elementor-3285 elementor-1147\" data-elementor-post-type=\"page\">\n\t\t\t\t\t\t<section class=\"elementor-section elementor-top-section elementor-element elementor-element-c37dd46 elementor-section-height-min-height elementor-section-content-middle elementor-section-items-stretch elementor-section-boxed elementor-section-height-default elementor-invisible\" data-id=\"c37dd46\" data-element_type=\"section\" data-e-type=\"section\" data-settings=\"{&quot;background_background&quot;:&quot;classic&quot;,&quot;animation&quot;:&quot;fadeIn&quot;}\">\n\t\t\t\t\t\t\t<div class=\"elementor-background-overlay\"><\/div>\n\t\t\t\t\t\t\t<div class=\"elementor-container elementor-column-gap-no\">\n\t\t\t\t\t<div class=\"elementor-column elementor-col-100 elementor-top-column elementor-element elementor-element-1be3265\" data-id=\"1be3265\" data-element_type=\"column\" data-e-type=\"column\">\n\t\t\t<div class=\"elementor-widget-wrap elementor-element-populated\">\n\t\t\t\t\t\t<section class=\"elementor-section elementor-inner-section elementor-element elementor-element-0c19bba elementor-section-boxed elementor-section-height-default elementor-section-height-default\" data-id=\"0c19bba\" data-element_type=\"section\" data-e-type=\"section\">\n\t\t\t\t\t\t<div class=\"elementor-container elementor-column-gap-extended\">\n\t\t\t\t\t<div class=\"elementor-column elementor-col-100 elementor-inner-column elementor-element elementor-element-cfaadbb\" data-id=\"cfaadbb\" data-element_type=\"column\" data-e-type=\"column\">\n\t\t\t<div class=\"elementor-widget-wrap elementor-element-populated\">\n\t\t\t\t\t\t<div class=\"elementor-element elementor-element-e129bdc elementor-invisible elementor-widget elementor-widget-heading\" data-id=\"e129bdc\" data-element_type=\"widget\" data-e-type=\"widget\" data-settings=\"{&quot;_animation&quot;:&quot;fadeIn&quot;,&quot;_animation_delay&quot;:500}\" data-widget_type=\"heading.default\">\n\t\t\t\t<div class=\"elementor-widget-container\">\n\t\t\t\t\t<h1 class=\"elementor-heading-title elementor-size-xxl\">Collaborations<\/h1>\t\t\t\t<\/div>\n\t\t\t\t<\/div>\n\t\t\t\t\t<\/div>\n\t\t<\/div>\n\t\t\t\t\t<\/div>\n\t\t<\/section>\n\t\t\t\t<div class=\"elementor-element elementor-element-cf824e1 elementor-widget elementor-widget-heading\" data-id=\"cf824e1\" data-element_type=\"widget\" data-e-type=\"widget\" data-widget_type=\"heading.default\">\n\t\t\t\t<div class=\"elementor-widget-container\">\n\t\t\t\t\t<h1 class=\"elementor-heading-title elementor-size-xxl\">Cr\u00e9ations Sucr\u00e9es et Sal\u00e9es Personnalis\u00e9es pour Votre \u00c9tablissement<\/h1>\t\t\t\t<\/div>\n\t\t\t\t<\/div>\n\t\t\t\t\t<\/div>\n\t\t<\/div>\n\t\t\t\t\t<\/div>\n\t\t<\/section>\n\t\t<div class=\"elementor-element elementor-element-730166a e-flex e-con-boxed e-con e-parent\" data-id=\"730166a\" data-element_type=\"container\" data-e-type=\"container\">\n\t\t\t\t\t<div class=\"e-con-inner\">\n\t\t\t\t<div class=\"elementor-element elementor-element-7882d56 elementor-invisible elementor-widget elementor-widget-heading\" data-id=\"7882d56\" data-element_type=\"widget\" data-e-type=\"widget\" data-settings=\"{&quot;_animation&quot;:&quot;fadeInUp&quot;}\" data-widget_type=\"heading.default\">\n\t\t\t\t<div class=\"elementor-widget-container\">\n\t\t\t\t\t<h1 class=\"elementor-heading-title elementor-size-default\">Apportez la qualit\u00e9 Steiger dans votre \u00e9tablissement.<\/h1>\t\t\t\t<\/div>\n\t\t\t\t<\/div>\n\t\t\t\t\t<\/div>\n\t\t\t\t<\/div>\n\t\t<div class=\"elementor-element elementor-element-3b6436b e-grid e-con-boxed e-con e-parent\" data-id=\"3b6436b\" data-element_type=\"container\" data-e-type=\"container\">\n\t\t\t\t\t<div class=\"e-con-inner\">\n\t\t\t\t<div class=\"elementor-element elementor-element-d79e7ce elementor-widget elementor-widget-text-editor\" data-id=\"d79e7ce\" data-element_type=\"widget\" data-e-type=\"widget\" data-widget_type=\"text-editor.default\">\n\t\t\t\t<div class=\"elementor-widget-container\">\n\t\t\t\t\t\t\t\t\t<p>Nous sommes heureux de proposer nos produits artisanaux aux restaurants, bars, caf\u00e9s et h\u00f4tels qui souhaitent se distinguer par leur fra\u00eecheur, leur go\u00fbt et leur \u00e9l\u00e9gance.<\/p><p>Du sucr\u00e9 au sal\u00e9, nous mettons \u00e0 disposition un catalogue consultable et la possibilit\u00e9 de d\u00e9velopper une ligne exclusive, personnalis\u00e9e selon les besoins de votre marque.<\/p><p>Que vous souhaitiez proposer une s\u00e9lection de d\u00e9licates portions individuelles, de biscuits croquants ou de douceurs artisanales pour le petit-d\u00e9jeuner \u2013 ou offrir un produit exclusif r\u00e9serv\u00e9 \u00e0 votre client\u00e8le \u2013 nous sommes pr\u00eats \u00e0 cr\u00e9er ensemble quelque chose de sp\u00e9cial.<\/p><p>Contactez-nous pour recevoir notre catalogue et d\u00e9couvrir toutes les options disponibles.<\/p>\t\t\t\t\t\t\t\t<\/div>\n\t\t\t\t<\/div>\n\t\t\t\t<div class=\"elementor-element elementor-element-daa1c66 elementor-widget elementor-widget-image\" data-id=\"daa1c66\" data-element_type=\"widget\" data-e-type=\"widget\" data-widget_type=\"image.default\">\n\t\t\t\t<div class=\"elementor-widget-container\">\n\t\t\t\t\t\t\t\t\t\t\t\t\t\t\t<img fetchpriority=\"high\" decoding=\"async\" width=\"800\" height=\"534\" src=\"https:\/\/steigerfeinbaeckerei.ch\/wp-content\/uploads\/2025\/07\/collaborazione_per_professionisti_steiger-1024x683.jpg\" class=\"attachment-large size-large wp-image-3691\" alt=\"\" srcset=\"https:\/\/steigerfeinbaeckerei.ch\/wp-content\/uploads\/2025\/07\/collaborazione_per_professionisti_steiger-1024x683.jpg 1024w, https:\/\/steigerfeinbaeckerei.ch\/wp-content\/uploads\/2025\/07\/collaborazione_per_professionisti_steiger-300x200.jpg 300w, https:\/\/steigerfeinbaeckerei.ch\/wp-content\/uploads\/2025\/07\/collaborazione_per_professionisti_steiger-768x512.jpg 768w, https:\/\/steigerfeinbaeckerei.ch\/wp-content\/uploads\/2025\/07\/collaborazione_per_professionisti_steiger.jpg 1536w\" sizes=\"(max-width: 800px) 100vw, 800px\" \/>\t\t\t\t\t\t\t\t\t\t\t\t\t\t\t<\/div>\n\t\t\t\t<\/div>\n\t\t\t\t\t<\/div>\n\t\t\t\t<\/div>\n\t\t<div class=\"elementor-element elementor-element-7013be7 e-flex e-con-boxed e-con e-parent\" data-id=\"7013be7\" data-element_type=\"container\" data-e-type=\"container\">\n\t\t\t\t\t<div class=\"e-con-inner\">\n\t\t\t\t<div class=\"elementor-element elementor-element-3688b3b elementor-align-center elementor-mobile-align-center elementor-widget elementor-widget-button\" data-id=\"3688b3b\" data-element_type=\"widget\" data-e-type=\"widget\" data-widget_type=\"button.default\">\n\t\t\t\t<div class=\"elementor-widget-container\">\n\t\t\t\t\t\t\t\t\t<div class=\"elementor-button-wrapper\">\n\t\t\t\t\t<a class=\"elementor-button elementor-button-link elementor-size-xs elementor-animation-grow\" href=\"https:\/\/steigerfeinbaeckerei.ch\/fr\/index.php\/contactez-nous\/\" id=\"chi-sono\">\n\t\t\t\t\t\t<span class=\"elementor-button-content-wrapper\">\n\t\t\t\t\t\t<span class=\"elementor-button-icon\">\n\t\t\t\t<svg aria-hidden=\"true\" class=\"e-font-icon-svg e-fas-long-arrow-alt-right\" viewBox=\"0 0 448 512\" xmlns=\"http:\/\/www.w3.org\/2000\/svg\"><path d=\"M313.941 216H12c-6.627 0-12 5.373-12 12v56c0 6.627 5.373 12 12 12h301.941v46.059c0 21.382 25.851 32.09 40.971 16.971l86.059-86.059c9.373-9.373 9.373-24.569 0-33.941l-86.059-86.059c-15.119-15.119-40.971-4.411-40.971 16.971V216z\"><\/path><\/svg>\t\t\t<\/span>\n\t\t\t\t\t\t\t\t\t<span class=\"elementor-button-text\">Contacts<\/span>\n\t\t\t\t\t<\/span>\n\t\t\t\t\t<\/a>\n\t\t\t\t<\/div>\n\t\t\t\t\t\t\t\t<\/div>\n\t\t\t\t<\/div>\n\t\t\t\t\t<\/div>\n\t\t\t\t<\/div>\n\t\t\t\t<\/div>\n\t\t","protected":false},"excerpt":{"rendered":"<p>Collaborations Cr\u00e9ations Sucr\u00e9es et Sal\u00e9es Personnalis\u00e9es pour Votre \u00c9tablissement Apportez la qualit\u00e9 Steiger dans votre \u00e9tablissement. Nous sommes heureux de proposer nos produits artisanaux aux restaurants, bars, caf\u00e9s et h\u00f4tels qui souhaitent se distinguer par leur fra\u00eecheur, leur go\u00fbt et leur \u00e9l\u00e9gance. Du sucr\u00e9 au sal\u00e9, nous mettons \u00e0 disposition un catalogue consultable et la [&hellip;]<\/p>\n","protected":false},"author":1,"featured_media":0,"parent":3043,"menu_order":0,"comment_status":"closed","ping_status":"closed","template":"","meta":{"footnotes":""},"class_list":["post-3285","page","type-page","status-publish","hentry"],"_links":{"self":[{"href":"https:\/\/steigerfeinbaeckerei.ch\/fr\/index.php\/wp-json\/wp\/v2\/pages\/3285","targetHints":{"allow":["GET"]}}],"collection":[{"href":"https:\/\/steigerfeinbaeckerei.ch\/fr\/index.php\/wp-json\/wp\/v2\/pages"}],"about":[{"href":"https:\/\/steigerfeinbaeckerei.ch\/fr\/index.php\/wp-json\/wp\/v2\/types\/page"}],"author":[{"embeddable":true,"href":"https:\/\/steigerfeinbaeckerei.ch\/fr\/index.php\/wp-json\/wp\/v2\/users\/1"}],"replies":[{"embeddable":true,"href":"https:\/\/steigerfeinbaeckerei.ch\/fr\/index.php\/wp-json\/wp\/v2\/comments?post=3285"}],"version-history":[{"count":10,"href":"https:\/\/steigerfeinbaeckerei.ch\/fr\/index.php\/wp-json\/wp\/v2\/pages\/3285\/revisions"}],"predecessor-version":[{"id":4115,"href":"https:\/\/steigerfeinbaeckerei.ch\/fr\/index.php\/wp-json\/wp\/v2\/pages\/3285\/revisions\/4115"}],"up":[{"embeddable":true,"href":"https:\/\/steigerfeinbaeckerei.ch\/fr\/index.php\/wp-json\/wp\/v2\/pages\/3043"}],"wp:attachment":[{"href":"https:\/\/steigerfeinbaeckerei.ch\/fr\/index.php\/wp-json\/wp\/v2\/media?parent=3285"}],"curies":[{"name":"wp","href":"https:\/\/api.w.org\/{rel}","templated":true}]}}

<div data-elementor-type="wp-page" data-elementor-id="3285" class="elementor elementor-3285 elementor-1147" data-elementor-post-type="page">
						<section class="elementor-section elementor-top-section elementor-element elementor-element-c37dd46 elementor-section-height-min-height elementor-section-content-middle elementor-section-items-stretch elementor-section-boxed elementor-section-height-default elementor-invisible" data-id="c37dd46" data-element_type="section" data-e-type="section" data-settings="{&quot;background_background&quot;:&quot;classic&quot;,&quot;animation&quot;:&quot;fadeIn&quot;}">
							<div class="elementor-background-overlay"></div>
							<div class="elementor-container elementor-column-gap-no">
					<div class="elementor-column elementor-col-100 elementor-top-column elementor-element elementor-element-1be3265" data-id="1be3265" data-element_type="column" data-e-type="column">
			<div class="elementor-widget-wrap elementor-element-populated">
						<section class="elementor-section elementor-inner-section elementor-element elementor-element-0c19bba elementor-section-boxed elementor-section-height-default elementor-section-height-default" data-id="0c19bba" data-element_type="section" data-e-type="section">
						<div class="elementor-container elementor-column-gap-extended">
					<div class="elementor-column elementor-col-100 elementor-inner-column elementor-element elementor-element-cfaadbb" data-id="cfaadbb" data-element_type="column" data-e-type="column">
			<div class="elementor-widget-wrap elementor-element-populated">
						<div class="elementor-element elementor-element-e129bdc elementor-invisible elementor-widget elementor-widget-heading" data-id="e129bdc" data-element_type="widget" data-e-type="widget" data-settings="{&quot;_animation&quot;:&quot;fadeIn&quot;,&quot;_animation_delay&quot;:500}" data-widget_type="heading.default">
				<div class="elementor-widget-container">
					<h1 class="elementor-heading-title elementor-size-xxl">Collaborations</h1>				</div>
				</div>
					</div>
		</div>
					</div>
		</section>
				<div class="elementor-element elementor-element-cf824e1 elementor-widget elementor-widget-heading" data-id="cf824e1" data-element_type="widget" data-e-type="widget" data-widget_type="heading.default">
				<div class="elementor-widget-container">
					<h1 class="elementor-heading-title elementor-size-xxl">Créations Sucrées et Salées Personnalisées pour Votre Établissement</h1>				</div>
				</div>
					</div>
		</div>
					</div>
		</section>
		<div class="elementor-element elementor-element-730166a e-flex e-con-boxed e-con e-parent" data-id="730166a" data-element_type="container" data-e-type="container">
					<div class="e-con-inner">
				<div class="elementor-element elementor-element-7882d56 elementor-invisible elementor-widget elementor-widget-heading" data-id="7882d56" data-element_type="widget" data-e-type="widget" data-settings="{&quot;_animation&quot;:&quot;fadeInUp&quot;}" data-widget_type="heading.default">
				<div class="elementor-widget-container">
					<h1 class="elementor-heading-title elementor-size-default">Apportez la qualité Steiger dans votre établissement.</h1>				</div>
				</div>
					</div>
				</div>
		<div class="elementor-element elementor-element-3b6436b e-grid e-con-boxed e-con e-parent" data-id="3b6436b" data-element_type="container" data-e-type="container">
					<div class="e-con-inner">
				<div class="elementor-element elementor-element-d79e7ce elementor-widget elementor-widget-text-editor" data-id="d79e7ce" data-element_type="widget" data-e-type="widget" data-widget_type="text-editor.default">
				<div class="elementor-widget-container">
									<p>Nous sommes heureux de proposer nos produits artisanaux aux restaurants, bars, cafés et hôtels qui souhaitent se distinguer par leur fraîcheur, leur goût et leur élégance.</p><p>Du sucré au salé, nous mettons à disposition un catalogue consultable et la possibilité de développer une ligne exclusive, personnalisée selon les besoins de votre marque.</p><p>Que vous souhaitiez proposer une sélection de délicates portions individuelles, de biscuits croquants ou de douceurs artisanales pour le petit-déjeuner – ou offrir un produit exclusif réservé à votre clientèle – nous sommes prêts à créer ensemble quelque chose de spécial.</p><p>Contactez-nous pour recevoir notre catalogue et découvrir toutes les options disponibles.</p>								</div>
				</div>
				<div class="elementor-element elementor-element-daa1c66 elementor-widget elementor-widget-image" data-id="daa1c66" data-element_type="widget" data-e-type="widget" data-widget_type="image.default">
				<div class="elementor-widget-container">
															<img fetchpriority="high" decoding="async" width="800" height="534" src="https://steigerfeinbaeckerei.ch/wp-content/uploads/2025/07/collaborazione_per_professionisti_steiger-1024x683.jpg" class="attachment-large size-large wp-image-3691" alt="" srcset="https://steigerfeinbaeckerei.ch/wp-content/uploads/2025/07/collaborazione_per_professionisti_steiger-1024x683.jpg 1024w, https://steigerfeinbaeckerei.ch/wp-content/uploads/2025/07/collaborazione_per_professionisti_steiger-300x200.jpg 300w, https://steigerfeinbaeckerei.ch/wp-content/uploads/2025/07/collaborazione_per_professionisti_steiger-768x512.jpg 768w, https://steigerfeinbaeckerei.ch/wp-content/uploads/2025/07/collaborazione_per_professionisti_steiger.jpg 1536w" sizes="(max-width: 800px) 100vw, 800px" />															</div>
				</div>
					</div>
				</div>
		<div class="elementor-element elementor-element-7013be7 e-flex e-con-boxed e-con e-parent" data-id="7013be7" data-element_type="container" data-e-type="container">
					<div class="e-con-inner">
				<div class="elementor-element elementor-element-3688b3b elementor-align-center elementor-mobile-align-center elementor-widget elementor-widget-button" data-id="3688b3b" data-element_type="widget" data-e-type="widget" data-widget_type="button.default">
				<div class="elementor-widget-container">
									<div class="elementor-button-wrapper">
					<a class="elementor-button elementor-button-link elementor-size-xs elementor-animation-grow" href="https://steigerfeinbaeckerei.ch/fr/index.php/contactez-nous/" id="chi-sono">
						<span class="elementor-button-content-wrapper">
						<span class="elementor-button-icon">
				<svg aria-hidden="true" class="e-font-icon-svg e-fas-long-arrow-alt-right" viewBox="0 0 448 512" xmlns="http://www.w3.org/2000/svg"><path d="M313.941 216H12c-6.627 0-12 5.373-12 12v56c0 6.627 5.373 12 12 12h301.941v46.059c0 21.382 25.851 32.09 40.971 16.971l86.059-86.059c9.373-9.373 9.373-24.569 0-33.941l-86.059-86.059c-15.119-15.119-40.971-4.411-40.971 16.971V216z"></path></svg>			</span>
									<span class="elementor-button-text">Contacts</span>
					</span>
					</a>
				</div>
								</div>
				</div>
					</div>
				</div>
				</div>

<p>Collaborations Créations Sucrées et Salées Personnalisées pour Votre Établissement Apportez la qualité Steiger dans votre établissement. Nous sommes heureux de proposer nos produits artisanaux aux restaurants, bars, cafés et hôtels qui souhaitent se distinguer par leur fraîcheur, leur goût et leur élégance. Du sucré au salé, nous mettons à disposition un catalogue consultable et la [&hellip;]</p>
